 of w and y.
35
Let l(d) = -2*d**2 + 14*d - 1. Let y be l(7). Let h be (y + 33)*((-10)/(-8))/1. What is the highest common factor of h and 4?
4
Suppose 2*a - 55 = -d, a - 109 = -2*d - 4*a. Let i be 24 + (2 - 4) + -3. Calculate the greatest common divisor of d and i.
19
Suppose 3 = -y - 4*y - 3*g, -2 = -2*y + 2*g. Suppose y = 2*f - 222 + 114. Let x be (1*-1 - -2)*9. What is the greatest common divisor of x and f?
9
Suppose 75 = 2*g + 3*w, -5*g - 5*w + 56 = -144. What is the greatest common factor of 855 and g?
45
Let l = 4 - -7. Let c = l + -10. Suppose -11*u + 8*u = -15. What is the greatest common factor of c and u?
1
Let h be 8/(-12) + 17/3. Suppose 0 = -h*v - 2*k + 89, 5*k = -5*v + k + 83. Calculate the highest common divisor of v and 57.
19
Suppose -3*b = 67 + 8. Let j = -51 - b. Let l = 32 + j. Calculate the highest common factor of l and 6.
6
Let o be (3 - 2)/((-1)/(-60)). Let p = 389 + -353. What is the greatest common factor of o and p?
12
Let x be -10 - -6 - -89*2. Let z = -49 + x. Calculate the highest common factor of 50 and z.
25
Suppose -34*d + 2840 = -29*d. Suppose -4*i - 247 = -u, -3*u + 5*i + 194 = -d. Calculate the highest common divisor of u and 37.
37
Let y(d) = -3*d - 17. Let b be y(-7). Suppose -b*q - q + 50 = 0. Let n be 4*q + -17 + 13. What is the greatest common divisor of n and 12?
12
Let a be ((-5)/4)/((-4)/48). Suppose a = 6*l - 27. Calculate the greatest common factor of l and 21.
7
Let v = -89 + 133. Suppose -3*z = -7*z + v. What is the greatest common divisor of 11 and z?
11
Suppose -2*x - 10 = -4*x. Let a be (6/(-4))/((-24)/144). Suppose a = f - 2*n - 21, 2*n = x*f - 110. What is the greatest common divisor of 10 and f?
10
Suppose p = -5*r + 422, -r + 2*p + 164 = r. Let l be 16/28*(-7)/(-2). Suppose -g - 21 = -l*g. What is the highest common factor of r and g?
21
Let k be 144/(-168) + (-258)/(-7). Calculate the greatest common factor of 1098 and k.
18
Let h be (1 - -2) + 106/2. Let k be 7*(12/7 + (-2 - -2)). Suppose 3*r = -5*g + 47, 0*r + k = 3*r. What is the greatest common factor of h and g?
7
Let z = 19 - 19. Suppose z = -3*m - 10 + 43. Calculate the highest common divisor of m and 33.
11
Let s = 30 - 6. Suppose l + 4 = -5. Let p(c) = -6*c + 6. Let z be p(l). What is the highest common factor of z and s?
12
Suppose 0 = -2*k - 4, k - 172 = -5*f - 3*k. Calculate the greatest common factor of f and 9.
9
Suppose -4*g + 294 = 70. Let i be 54/((g/(-12))/(-7)). Calculate the highest common factor of i and 9.
9
Let j(s) = -38*s - 515. Let t be j(-22). Calculate the greatest common divisor of 749 and t.
107
Let a(w) = -w**3 + 16*w**2 - 20*w + 83. Let v be a(15). Let n = 66 + -46. Calculate the greatest common divisor of n and v.
4
Suppose -250 = -5*m + 80. Suppose 0 = 3*n - 594 - m. Let q be n - -2*(-4 - -2). What is the highest common divisor of 24 and q?
24
Let p(s) = 3*s**2 + 4*s - 3. Let q be p(-3). Calculate the highest common divisor of q and 15.
3
Let b = 10 - 13. Let q(t) = 4*t**2 - 11*t + 3. Let p be q(b). What is the highest common divisor of p and 18?
18
Let i = 2 + 8. Let f be i*5 - ((-120)/(-6))/5. Calculate the highest common divisor of 92 and f.
46
Let c = -9 + 4. Let f be (c/2)/((-4)/24). Let n = -39 + 174. Calculate the highest common divisor of n and f.
15
Let y(n) = 4*n + 3*n + 1 - 7*n**2 - 9*n**3 + 8*n**3. Let j be y(-8). Suppose -303 = -5*q + 3*a, a - 7 + 3 = 0. Calculate the greatest common divisor of j and q.
9
Let a = -3 - -14. Suppose 7*v = a*v - 48. Suppose -3*b + 288 = -0*b. What is the highest common factor of b and v?
12
Let o be (6 + -3)*((-70)/(-15) - -5). What is the highest common divisor of o and 1363?
29
Let c(a) = a**3 - 12*a**2 + 25*a + 6. Let q be c(10). Calculate the greatest common divisor of 12 and q.
4
Suppose -479 = -43*v + 682. Calculate the highest common factor of v and 1161.
27
Suppose -14*d + 7 = -147. What is the greatest common divisor of 11 and d?
11
Let v be -3 - 1 - (8*-13)/2. Calculate the highest common divisor of 304 and v.
16
Suppose 0 = 52*o - 38*o - 560. Let x(j) = -2*j + 5. Let g be x(-5). Let i = g - 5. What is the highest common divisor of o and i?
10
Let i(f) = -44*f**3 + f**2 - 2*f - 2. Let k be i(-1). Calculate the highest common factor of k and 30.
15
Let x be (-35)/(-2)*(1 - 3 - -4). Calculate the highest common factor of 15 and x.
5
Let s(v) = 4*v + 356. Let d be s(-11). What is the highest common divisor of 195 and d?
39
Let t be 84 + 10 + 5 + -9. What is the highest common factor of t and 135?
45
Suppose 4*n = 1725 + 1103. Calculate the highest common divisor of 14 and n.
7
Let g be 2526/21 - (-8)/(-28). Suppose 0 = -10*q + 5*q + g. What is the greatest common divisor of q and 48?
24
Let t be (-2)/12 - 26071/(-186) - 5. Calculate the highest common divisor of 20 and t.
5
Let c(y) = -y**3 - 5*y**2 - 3*y - 3. Let d be c(-5). Suppose 765 + 6075 = 140*a - 26*a. What is the highest common factor of a and d?
12
Let w = -10 - -12. Suppose 3*o = -w*o. Suppose 4*d - f - 29 = -o*d, 0 = -4*f + 12. Calculate the greatest common divisor of 4 and d.
4
Suppose -174 = 5*i - 2*o, i - 3*o = -6*o - 45. Let q = 96 + i. Let p be (4 - 6)/((-2)/q). Calculate the greatest common factor of p and 12.
12
Let l be (96/9)/(13/78). Calculate the highest common factor of l and 6.
2
Let d(k) = 9*k - 23. Let u be d(5). Suppose -3*r - 2*w + 34 = 0, 0 = 3*r + 4*w + w - u. What is the highest common divisor of 98 and r?
14
Let a be (-47470)/(-423) - 4/18. Calculate the greatest common divisor of a and 42.
14
Let c be 4/18 - 60/(-108)*5. Let n = -11 + 16. Let u(x) = x**3 - 5*x**2 + 6*x - 6. Let w be u(n). What is the highest common divisor of c and w?
3
Let a be 22/77 + 380/(-7). Let h = a + 131. What is the highest common factor of h and 11?
11
Let g = -81 - -145. Let v = 199 - g. Let z(n) = 2*n**2 - 8*n + 5. Let t be z(5). Calculate the greatest common divisor of v and t.
15
Let r be 40/12 - 3 - (-24)/9. Calculate the greatest common factor of r and 303.
3
Suppose -10*k + 30 = -30. Suppose 0 = -0*i + k*i - 54. What is the greatest common factor of i and 72?
9
Let k be 102/10 - (-4)/(-20). Let f = 29 + -35. Let p(x) = -4*x + 6. Let o be p(f). What is the highest common divisor of k and o?
10
Suppose 3 = -3*t, 0 = -2*w + t + 4*t + 17. Suppose -3*s = 0, -4*d + 41 + 19 = -s. Let l = d + -6. Calculate the greatest common divisor of w and l.
3
Suppose 6 = 19*r - 13*r. Calculate the highest common divisor of 127 and r.
1
Let l = -402 - -633. What is the highest common divisor of l and 33?
33
Suppose 3*d - l = d + 81, 141 = 3*d + 5*l. Suppose 0 = 4*o - 8, 0 = 4*h + 3*o - 20 - d. Suppose 111 = k - 1. What is the greatest common factor of k and h?
14
Let v be -4*((-3)/(-6))/((-2)/22). Suppose 0 = -5*l - 0*l + 3*m + 180, 0 = -4*l - 2*m + 122. What is the greatest common factor of v and l?
11
Let c(i) = 2*i**2 + i + 5. Let t be c(5). Let p(h) = -h**2 + 13*h - 21. Let w be p(9). Calculate the greatest common divisor of w and t.
15
Let q = -93 - -129. Let w be 292/q - 6 - (-1)/(-9). Calculate the highest common divisor of w and 14.
2
Let b(k) = -2*k**2 + 12*k + 7. Let w be b(6). What is the greatest common factor of 42 and w?
7
Let p be (132/(-77))/(9/(-210)). Calculate the highest common factor of 360 and p.
40
Suppose -153 = 6*r - 393. What is the greatest common divisor of r and 16?
8
Let h(n) = -2*n + 27. Let t be h(11). Suppose -3*z + 858 = z - 3*y, t*z - 1076 = 2*y. Calculate the highest common divisor of 24 and z.
24
Suppose -15*r + 10*r - 430 = 0. Let m = -74 - r. What is the greatest common factor of m and 36?
12
Suppose -37*d + 108*d - 1704 = 0. What is the highest common factor of d and 224?
8
Suppose -223 = -5*h + 4*t, -4*h - t + 183 = -8. Calculate the highest common divisor of h and 3149.
47
Let f be (15/10)/((-2)/(-4)). Suppose -f*c - 72 = -2*v, 0 = v - 0*v - 4*c - 26. What is the greatest common divisor of v and 210?
42
Suppose 7*q + 3*q - 410 = 0. Let n = q + -36. What is the greatest common factor of 20 and n?
5
Suppose -66*p - 350 = -1340. Calculate the greatest common divisor of 120 and p.
15
Suppose -2*h - 3*v = -3*h - 4, -3*v + 9 = 0. Suppose -g = h*u - 218, -5*g = -g - u - 788. Calculate the highest common factor of g and 18.
18
Suppose 38 + 51 = q + v, 4*q = -5*v + 354.